d) = -13*d - 1. Let x(g) = 13*g + 1. Let o(r) = 2*x(r) + 3*y(r). Let a be o(-2). Suppose 2*b - 13 - 5 = -2*m, 5*b - a = 0. List the prime factors of m.
2
Let b(c) = c**3 - 7*c**2 - 2*c + 7. Let o be b(7). Let v = 11 + o. Suppose 0 = -4*a - 3*i + v + 55, 0 = -a - 3*i + 17. What are the prime factors of a?
2, 7
Let z be -1 + 23/(4 - 3). Let d = z - 13. What are the prime factors of d?
3
Suppose -550 = -5*h - 15. What are the prime factors of h?
107
Let r(x) = -9*x**2 - x - 1. Let f(z) = z**3 + z**2 + z - 1. Let n be f(0). Let w be r(n). Let i(c) = -c**2 - 12*c - 9. What are the prime factors of i(w)?
2, 3
What are the prime factors of 277/9 - (-8)/36?
31
Let d = 3 - 1. Suppose 0 = -d*a, 4*a - 21 = 3*h + 6. Let i(g) = -g**2 - 8*g + 11. What are the prime factors of i(h)?
2
Let c(k) = k**3 - 2*k**2 + 2. Let a be c(3). Let l(u) = u - 6. Let v be l(a). Suppose v*q = -4*n - n + 80, -4*n - 2*q = -56. List the prime factors of n.
2, 3
Suppose 2*g = -g + 87. Let d = 6 + g. What are the prime factors of d?
5, 7
Let h be 9/4 + 6/8. Suppose 8 = h*m - 2*u, -2 = -5*m - u + 33. List the prime factors of m.
2, 3
Suppose -1773 = -6*c - 3*c. List the prime factors of c.
197
Let x be 4/14 + (-14)/49. Suppose 0 = -x*s + 3*s - 5*z + 35, s = 2*z - 13. Let r(p) = -3*p - 1. List the prime factors of r(s).
2, 7
Suppose 2*a - 161 = 5. What are the prime factors of a?
83
Suppose 0 = 3*u + 80 - 203. What are the prime factors of u?
41
Let x(z) = z. Let l(u) = 1. Let j(v) = l(v) + x(v). What are the prime factors of j(9)?
2, 5
Let r(u) = -4*u**2 + 7 - 3 + 4*u - u**3 + 0*u**3. Let m be r(-5). Suppose -4*p = 2*c - 20, -p - 2*c = -m - 2. What are the prime factors of p?
3
Let x = -6 - 1. Let b = 11 + x. Let g(a) = a**2 - 3*a + 6. What are the prime factors of g(b)?
2, 5
What are the prime factors of ((-1)/2)/((-2187)/(-438) + -5)?
73
Let a be 12/(-14)*(-42)/9. Suppose a*r - 25 = 127. What are the prime factors of r?
2, 19
List the prime factors of 16 + -1*(-1)/1.
17
Suppose 2*i + 12 = -i. Let r be i/(-5)*(5 - 0). Suppose r*n - 40 + 4 = 0. List the prime factors of n.
3
Let y = -14 - -24. Let h(g) = -g**2 + 11*g - 5. Let t be h(y). Suppose j + 22 = 2*f - j, 0 = t*j + 20. List the prime factors of f.
7
Let w = 6 - 4. Suppose -h + 20 = -w*h. What are the prime factors of (-3)/((-3)/h*-2)?
2, 5
Suppose 5*a + 9*r = 4*r + 150, -5*a + 150 = -3*r. List the prime factors of a.
2, 3, 5
Let s(l) = 8*l - 13. What are the prime factors of s(6)?
5, 7
Suppose -b + 2 = 3*l - 5, -5*l - 5*b = 5. Let z(y) = y**2 + y - 2. Let p be z(-2). Suppose p*c - 2*c = 2, 3*c = l*v - 27. What are the prime factors of v?
2, 3
Suppose 3*z - 232 = 2*i, -271 = -4*z - 6*i + i. Suppose 3*t - 4*m - 12 - 14 = 0, -5*t - 4*m + 22 = 0. Suppose -z = -4*s - t. What are the prime factors of s?
17
Let i be 0 + 1 + 3/1. Suppose 12 = -4*c, i*c = 4*m - 3*m - 15. Suppose -m*r + 36 = 3*h, -14 = -4*h + 2. What are the prime factors of r?
2
Suppose s - 2*d = 2*d + 11, -s = -5*d - 9. What are the prime factors of s?
19
Let a(v) = -v**3 + 7*v**2 - 2*v + 2. Let f(k) = 2*k**2 - 2*k + 2. Let r be f(2). What are the prime factors of a(r)?
2, 13
Let f = 61 - 37. Let c(g) = g + 3. Let y be c(-2). List the prime factors of (2 + f/3)*y.
2, 5
Let m = -6 - -8. Suppose 0 = n + m*n - 48. List the prime factors of n.
2
Let x = 10 - 6. Suppose -x*b + 91 + 33 = 0. What are the prime factors of b?
31
Let i(y) = -5*y**2 + 5*y + 17. Let r(v) = v**2 + v - 1. Let p(l) = -i(l) - 6*r(l). List the prime factors of p(-8).
13
Let v(z) be the first derivative of 5*z**4/6 + 2*z + 2. Let p(u) be the first derivative of v(u). List the prime factors of p(-1).
2, 5
Suppose c = -0*c + 3. List the prime factors of c.
3
Suppose -q - 2*n - 8 = -36, 5*q + 2*n = 100. Let v = 47 - q. What are the prime factors of v?
29
Suppose 5*p = -2*z - 27, 2*p - z = -6*z + 6. Let d = -3 - p. Suppose -f = 4*k + 2*f - 55, -d*f = -4*k + 76. List the prime factors of k.
2
Suppose 10*l - 144 = 6*l. What are the prime factors of l?
2, 3
Suppose 3*v = -v. Suppose 2*m + v*m - 4*z = 26, -m + 1 = z. What are the prime factors of m?
5
Let l be 3 + -2 + (-1)/(-1). Suppose 0 = 2*c + 8, -4*b + l*b - 4 = c. Suppose -5*h - 4*p + 36 = -p, -4*p - 12 = b. List the prime factors of h.
3
Let y be 2/(-4)*1*-16. Let f = y - -41. List the prime factors of f.
7
Let i(s) = -13*s - 2. Let z be i(-5). Let h(t) = 2*t - 15. Let c be h(12). List the prime factors of (-6)/c*z/(-6).
7
Suppose 0 = y - 2 + 1. Let o be (3 - 0)*(-5 + y). Let m = o - -23. List the prime factors of m.
11
Let d(w) be the third derivative of -w**6/120 + w**5/15 + w**4/12 - 5*w**3/6 - 2*w**2. Let o be d(4). Let l = o - 0. What are the prime factors of l?
3
Let v(g) = 2*g**2 + g - 7. List the prime factors of v(-3).
2
Suppose -45 = -2*r + 123. List the prime factors of r.
2, 3, 7
Let q = 21 + -28. Let r be 4*(-1 + 0 + 0). Let s = r - q. What are the prime factors of s?
3
Let j = -67 + 111. Suppose 8*c = 4*c + j. What are the prime factors of c?
11
Let t = -40 - -117. What are the prime factors of t?
7, 11
Let x be 2/(2/(-28)*-4). Let k(v) = v**3 - 7*v**2 + 2*v - 9. What are the prime factors of k(x)?
5
Suppose -b + 48 = 2*b. List the prime factors of b.
2
Let v(k) = -43*k**3 + k**2 + 2*k + 1. List the prime factors of v(-1).
43
Suppose -8*d + 3*d = 15. Let r be 33*((-7)/d + -2). Suppose -2*x + 1 = -3*x, -2*s = 3*x - r. List the prime factors of s.
7
Suppose 23 = -4*r + 4*t + 607, -r - 2*t = -155. What are the prime factors of r?
149
Let c(y) = y**3 + 9*y**2 - y - 5. Let b be c(-9). Let m = -1 + b. What are the prime factors of m?
3
Suppose 0 = 3*s - s - 4. Let m(o) = 5*o**2 - o**3 + o + 2 - 3*o + 0*o**3. List the prime factors of m(s).
2, 5
Let h = -46 + 98. List the prime factors of h.
2, 13
Suppose l = -5*r + 26, r + l = -r + 11. Let b = r - 10. What are the prime factors of (36/(-10))/(2/b)?
3
Let d be (152/(-6) + 2)*-3. Suppose -4*m + 5*t = 10 - d, -2*m = 4*t - 4. What are the prime factors of m?
2, 5
Let r(d) = d**3 - 7*d**2 + 16*d - 21. List the prime factors of r(9).
3, 5, 19
Suppose -113 = -4*r - 41. Let y = r + -16. List the prime factors of y.
2
Let t = -4 - -12. What are the prime factors of t?
2
Let p = -2 - -42. Suppose 3*z - 32 - p = 0. What are the prime factors of z?
2, 3
Suppose -m - 37 = -c, 5*c - 191 = 2*m - 0*m. Let n = 28 - c. Let v = n + 18. What are the prime factors of v?
7
Let b = 4 + 0. Let y(d) = -d**3 + 3*d**2 + 4*d + 2. What are the prime factors of y(b)?
2
Let d(s) = -2*s - 5. Suppose -4*m - 2*j - 5 = 1, 5*m + 4*j = 0. List the prime factors of d(m).
3
Let c(q) = -2*q + 2. Let z = -24 - -13. List the prime factors of c(z).
2, 3
Suppose c = -3*z + 1, 4*c - 3*c = z + 9. Let f be (-8)/28 - 145/c. List the prime factors of f/(4/(24/(-9))).
2, 7
Let i be 2/(-3) - (-70)/6. Suppose -5*d + i = -9. Suppose f = d*f - 27. What are the prime factors of f?
3
Let y(f) = -f**3 - 8*f**2 + 5*f - 4. Let l(o) = -o**3 - 9*o**2 + 4*o - 4. Let b(n) = 2*l(n) - 3*y(n). List the prime factors of b(-7).
2
Let r(d) be the first derivative of d**3/3 + d**2/2 + 4. List the prime factors of r(3).
2, 3
Let m(u) = 21*u**3 - 3*u**2 + 3. Let g(j) = 14*j**3 - 2*j**2 + 2. Let p(f) = -8*g(f) + 5*m(f). Let l be (-3)/(-2)*(-4)/6. What are the prime factors of p(l)?
7
Let p = -24 + 14. Let d = -4 - p. List the prime factors of d.
2, 3
Let d(v) be the second derivative of -7/2*v**2 + 5/3*v**3 - 3*v + 0 - 1/12*v**4. List the prime factors of d(8).
3
Let w = -52 - -152. List the prime factors of w.
2, 5
Let r(g) = -g**2 - 11*g - 7. Let b be r(-9). List the prime factors of 1 + b + (-2)/1.
2, 5
Let v(j) = 50*j + 1. What are the prime factors of v(1)?
3, 17
What are the prime factors of (-19)/((-4)/(-12)*-1)?
3, 19
Let b be (-16)/(-6) + 2/(-3). List the prime factors of 6/b*8/6.
2
Let s = -16 + 22. Let y = 15 - s. Suppose 7*l - y = 4*l. List the prime factors of l.
3
Let l = 3 - 5. List the prime factors of l/(-6) - (-41)/3.
2, 7
Let c(t) = -4*t - 10. Let q(y) = -9*y - 19. Let j(u) = -7*c(u) + 3*q(u). List the prime factors of j(0).
13
Suppose -2*p - 5*i + 24 = 0, 2*p + 41 = 7*p + 3*i. What are the prime factors of p?
7
Let w(m) = m**2 - 2*m. Let i be w(3). Suppose p + 28 = i*p. What are the prime factors of p?
2, 7
Suppose 4*y - j - 40 = 0, -j = 2*